{"id":8849,"date":"2026-04-08T15:40:26","date_gmt":"2026-04-08T15:40:26","guid":{"rendered":"https:\/\/klamotslawek.pl\/?post_type=product&#038;p=8849"},"modified":"2026-04-08T15:40:26","modified_gmt":"2026-04-08T15:40:26","slug":"kompresor-prktiker-583","status":"publish","type":"product","link":"https:\/\/klamotslawek.pl\/?product=kompresor-prktiker-583","title":{"rendered":"kompresor PrKTIKER \/ 583"},"content":{"rendered":"<p>&nbsp;<\/p>\n<p>&nbsp;<\/p>\n<p>Sprzedam kompresor t\u0142okowy marki Praktiker z serii AIR STAR, model 200\/8\/24.<br \/>\nPojemno\u015b\u0107 zbiornika: 24 litry.<br \/>\nMaksymalne ci\u015bnienie: 8 bar.<br \/>\nWydajno\u015b\u0107: 200 l\/min (zgodnie z oznaczeniem modelu).<br \/>\nZastosowanie: Prace warsztatowe, pompowanie, czyszczenie powietrzem , kompresor w dobrym stanie technicznym , sprawny w 100% , stan wizualny zgodny ze zdjeciami , proponuj\u0119 odbi\u00f3r osobisty , mo\u017cliwa wysy\u0142ka kurierem , transport<\/p>\n<p>&nbsp;<\/p>\n","protected":false},"excerpt":{"rendered":"<p>&nbsp; &nbsp; Sprzedam kompresor t\u0142okowy marki Praktiker z serii AIR STAR, model 200\/8\/24. Pojemno\u015b\u0107 zbiornika: 24 litry. Maksymalne ci\u015bnienie: 8 bar. Wydajno\u015b\u0107: 200 l\/min (zgodnie z oznaczeniem modelu). Zastosowanie: Prace warsztatowe, pompowanie, czyszczenie powietrzem , kompresor w dobrym stanie technicznym , sprawny w 100% , stan wizualny zgodny ze zdjeciami , proponuj\u0119 odbi\u00f3r osobisty ,&#8230;<\/p>\n","protected":false},"featured_media":8850,"comment_status":"open","ping_status":"closed","template":"","meta":{"_kadence_starter_templates_imported_post":false,"_kad_post_transparent":"default","_kad_post_title":"","_kad_post_layout":"default","_kad_post_sidebar_id":"","_kad_post_content_style":"default","_kad_post_vertical_padding":"default","_kad_post_feature":"","_kad_post_feature_position":"","_kad_post_header":false,"_kad_post_footer":false,"_kad_post_classname":""},"product_brand":[],"product_cat":[26],"product_tag":[],"class_list":{"0":"post-8849","1":"product","2":"type-product","3":"status-publish","4":"has-post-thumbnail","6":"product_cat-narzedzia","8":"first","9":"instock","10":"taxable","11":"shipping-taxable","12":"purchasable","13":"product-type-simple","14":"entry","15":"content-bg","16":"loop-entry"},"_links":{"self":[{"href":"https:\/\/klamotslawek.pl\/index.php?rest_route=\/wp\/v2\/product\/8849","targetHints":{"allow":["GET"]}}],"collection":[{"href":"https:\/\/klamotslawek.pl\/index.php?rest_route=\/wp\/v2\/product"}],"about":[{"href":"https:\/\/klamotslawek.pl\/index.php?rest_route=\/wp\/v2\/types\/product"}],"replies":[{"embeddable":true,"href":"https:\/\/klamotslawek.pl\/index.php?rest_route=%2Fwp%2Fv2%2Fcomments&post=8849"}],"wp:featuredmedia":[{"embeddable":true,"href":"https:\/\/klamotslawek.pl\/index.php?rest_route=\/wp\/v2\/media\/8850"}],"wp:attachment":[{"href":"https:\/\/klamotslawek.pl\/index.php?rest_route=%2Fwp%2Fv2%2Fmedia&parent=8849"}],"wp:term":[{"taxonomy":"product_brand","embeddable":true,"href":"https:\/\/klamotslawek.pl\/index.php?rest_route=%2Fwp%2Fv2%2Fproduct_brand&post=8849"},{"taxonomy":"product_cat","embeddable":true,"href":"https:\/\/klamotslawek.pl\/index.php?rest_route=%2Fwp%2Fv2%2Fproduct_cat&post=8849"},{"taxonomy":"product_tag","embeddable":true,"href":"https:\/\/klamotslawek.pl\/index.php?rest_route=%2Fwp%2Fv2%2Fproduct_tag&post=8849"}],"curies":[{"name":"wp","href":"https:\/\/api.w.org\/{rel}","templated":true}]}}