{"id":8032,"date":"2026-03-12T10:08:19","date_gmt":"2026-03-12T10:08:19","guid":{"rendered":"https:\/\/klamotslawek.pl\/?post_type=product&#038;p=8032"},"modified":"2026-03-12T10:08:19","modified_gmt":"2026-03-12T10:08:19","slug":"lampa-podlogowa-382","status":"publish","type":"product","link":"https:\/\/klamotslawek.pl\/?product=lampa-podlogowa-382","title":{"rendered":"lampa pod\u0142ogowa \/ 382"},"content":{"rendered":"<p>&nbsp;<\/p>\n<p>&nbsp;<\/p>\n<p>Sprzedam &#8211; vintage&#8217;owa lampa pod\u0142ogowa z drewnian\u0105 podstaw\u0105 i aba\u017curem ze sk\u00f3ry wyko\u0144czonym fr\u0119dzlami, cz\u0119sto kojarzona z polskim wzornictwem lat 70. Drewniana, toczona noga i okr\u0105g\u0142a podstawa.<br \/>\nAba\u017cur: Materia\u0142owy, w jasnym kolorze, ze sk\u00f3ry z charakterystycznymi fr\u0119dzlami u do\u0142u.<br \/>\nWymiar , wysoko\u015b\u0107 162 cm , aba\u017cur wysoko\u015b\u0107 48 cm , \u015brednica d\u00f3\u0142 58 cm , g\u00f3ra 33 cm , proponuj\u0119 odbi\u00f3r osobisty , mo\u017cliwa wysy\u0142ka kurierem , transport<br \/>\nkontakt 533 175 521<\/p>\n","protected":false},"excerpt":{"rendered":"<p>&nbsp; &nbsp; Sprzedam &#8211; vintage&#8217;owa lampa pod\u0142ogowa z drewnian\u0105 podstaw\u0105 i aba\u017curem ze sk\u00f3ry wyko\u0144czonym fr\u0119dzlami, cz\u0119sto kojarzona z polskim wzornictwem lat 70. Drewniana, toczona noga i okr\u0105g\u0142a podstawa. Aba\u017cur: Materia\u0142owy, w jasnym kolorze, ze sk\u00f3ry z charakterystycznymi fr\u0119dzlami u do\u0142u. Wymiar , wysoko\u015b\u0107 162 cm , aba\u017cur wysoko\u015b\u0107 48 cm , \u015brednica d\u00f3\u0142 58&#8230;<\/p>\n","protected":false},"featured_media":8033,"comment_status":"open","ping_status":"closed","template":"","meta":{"_kadence_starter_templates_imported_post":false,"_kad_post_transparent":"default","_kad_post_title":"","_kad_post_layout":"default","_kad_post_sidebar_id":"","_kad_post_content_style":"default","_kad_post_vertical_padding":"default","_kad_post_feature":"","_kad_post_feature_position":"","_kad_post_header":false,"_kad_post_footer":false,"_kad_post_classname":""},"product_brand":[],"product_cat":[24],"product_tag":[],"class_list":{"0":"post-8032","1":"product","2":"type-product","3":"status-publish","4":"has-post-thumbnail","6":"product_cat-dekoracje","8":"first","9":"instock","10":"taxable","11":"shipping-taxable","12":"purchasable","13":"product-type-simple","14":"entry","15":"content-bg","16":"loop-entry"},"_links":{"self":[{"href":"https:\/\/klamotslawek.pl\/index.php?rest_route=\/wp\/v2\/product\/8032","targetHints":{"allow":["GET"]}}],"collection":[{"href":"https:\/\/klamotslawek.pl\/index.php?rest_route=\/wp\/v2\/product"}],"about":[{"href":"https:\/\/klamotslawek.pl\/index.php?rest_route=\/wp\/v2\/types\/product"}],"replies":[{"embeddable":true,"href":"https:\/\/klamotslawek.pl\/index.php?rest_route=%2Fwp%2Fv2%2Fcomments&post=8032"}],"wp:featuredmedia":[{"embeddable":true,"href":"https:\/\/klamotslawek.pl\/index.php?rest_route=\/wp\/v2\/media\/8033"}],"wp:attachment":[{"href":"https:\/\/klamotslawek.pl\/index.php?rest_route=%2Fwp%2Fv2%2Fmedia&parent=8032"}],"wp:term":[{"taxonomy":"product_brand","embeddable":true,"href":"https:\/\/klamotslawek.pl\/index.php?rest_route=%2Fwp%2Fv2%2Fproduct_brand&post=8032"},{"taxonomy":"product_cat","embeddable":true,"href":"https:\/\/klamotslawek.pl\/index.php?rest_route=%2Fwp%2Fv2%2Fproduct_cat&post=8032"},{"taxonomy":"product_tag","embeddable":true,"href":"https:\/\/klamotslawek.pl\/index.php?rest_route=%2Fwp%2Fv2%2Fproduct_tag&post=8032"}],"curies":[{"name":"wp","href":"https:\/\/api.w.org\/{rel}","templated":true}]}}