{"id":7246,"date":"2026-02-03T19:02:57","date_gmt":"2026-02-03T19:02:57","guid":{"rendered":"https:\/\/klamotslawek.pl\/?post_type=product&#038;p=7246"},"modified":"2026-02-03T19:02:57","modified_gmt":"2026-02-03T19:02:57","slug":"skladany-stol-warsztatowy-210","status":"publish","type":"product","link":"https:\/\/klamotslawek.pl\/?product=skladany-stol-warsztatowy-210","title":{"rendered":"sk\u0142adany st\u00f3\u0142 warsztatowy  \/ 210"},"content":{"rendered":"<p>&nbsp;<\/p>\n<p>&nbsp;<\/p>\n<p>Sprzedam sk\u0142adany st\u00f3\u0142 warsztatowy .<br \/>\nKonstrukcja umo\u017cliwia dopasowanie po\u0142o\u017cenia blatu roboczego oraz jego szeroko\u015bci do kszta\u0142tu przedmiotu.<br \/>\nWyposa\u017cony w przek\u0142adane szcz\u0119ki zaciskowe, kt\u00f3re umo\u017cliwiaj\u0105 mocowanie przedmiot\u00f3w o r\u00f3\u017cnych kszta\u0142tach.<br \/>\nSk\u0142adana konstrukcja u\u0142atwia przechowywanie i transport.<br \/>\nPosiada nadrukowan\u0105 linijk\u0119 i k\u0105tomierz na blacie.<br \/>\nStan wizualny sto\u0142u zgodny ze zdjeciami , mo\u017cliwa wysy\u0142ka kurierem<\/p>\n","protected":false},"excerpt":{"rendered":"<p>&nbsp; &nbsp; Sprzedam sk\u0142adany st\u00f3\u0142 warsztatowy . Konstrukcja umo\u017cliwia dopasowanie po\u0142o\u017cenia blatu roboczego oraz jego szeroko\u015bci do kszta\u0142tu przedmiotu. Wyposa\u017cony w przek\u0142adane szcz\u0119ki zaciskowe, kt\u00f3re umo\u017cliwiaj\u0105 mocowanie przedmiot\u00f3w o r\u00f3\u017cnych kszta\u0142tach. Sk\u0142adana konstrukcja u\u0142atwia przechowywanie i transport. Posiada nadrukowan\u0105 linijk\u0119 i k\u0105tomierz na blacie. Stan wizualny sto\u0142u zgodny ze zdjeciami , mo\u017cliwa wysy\u0142ka kurierem<\/p>\n","protected":false},"featured_media":7247,"comment_status":"open","ping_status":"closed","template":"","meta":{"_kadence_starter_templates_imported_post":false,"_kad_post_transparent":"default","_kad_post_title":"","_kad_post_layout":"default","_kad_post_sidebar_id":"","_kad_post_content_style":"default","_kad_post_vertical_padding":"default","_kad_post_feature":"","_kad_post_feature_position":"","_kad_post_header":false,"_kad_post_footer":false,"_kad_post_classname":""},"product_brand":[],"product_cat":[26],"product_tag":[],"class_list":{"0":"post-7246","1":"product","2":"type-product","3":"status-publish","4":"has-post-thumbnail","6":"product_cat-narzedzia","8":"first","9":"instock","10":"taxable","11":"shipping-taxable","12":"purchasable","13":"product-type-simple","14":"entry","15":"content-bg","16":"loop-entry"},"_links":{"self":[{"href":"https:\/\/klamotslawek.pl\/index.php?rest_route=\/wp\/v2\/product\/7246","targetHints":{"allow":["GET"]}}],"collection":[{"href":"https:\/\/klamotslawek.pl\/index.php?rest_route=\/wp\/v2\/product"}],"about":[{"href":"https:\/\/klamotslawek.pl\/index.php?rest_route=\/wp\/v2\/types\/product"}],"replies":[{"embeddable":true,"href":"https:\/\/klamotslawek.pl\/index.php?rest_route=%2Fwp%2Fv2%2Fcomments&post=7246"}],"wp:featuredmedia":[{"embeddable":true,"href":"https:\/\/klamotslawek.pl\/index.php?rest_route=\/wp\/v2\/media\/7247"}],"wp:attachment":[{"href":"https:\/\/klamotslawek.pl\/index.php?rest_route=%2Fwp%2Fv2%2Fmedia&parent=7246"}],"wp:term":[{"taxonomy":"product_brand","embeddable":true,"href":"https:\/\/klamotslawek.pl\/index.php?rest_route=%2Fwp%2Fv2%2Fproduct_brand&post=7246"},{"taxonomy":"product_cat","embeddable":true,"href":"https:\/\/klamotslawek.pl\/index.php?rest_route=%2Fwp%2Fv2%2Fproduct_cat&post=7246"},{"taxonomy":"product_tag","embeddable":true,"href":"https:\/\/klamotslawek.pl\/index.php?rest_route=%2Fwp%2Fv2%2Fproduct_tag&post=7246"}],"curies":[{"name":"wp","href":"https:\/\/api.w.org\/{rel}","templated":true}]}}