{"id":2225,"date":"2024-04-22T20:46:53","date_gmt":"2024-04-22T20:46:53","guid":{"rendered":"https:\/\/klamotslawek.pl\/?post_type=product&#038;p=2225"},"modified":"2024-04-22T20:46:53","modified_gmt":"2024-04-22T20:46:53","slug":"komoda-stylowa-polysk-147","status":"publish","type":"product","link":"https:\/\/klamotslawek.pl\/?product=komoda-stylowa-polysk-147","title":{"rendered":"KOMODA STYLOWA &#8211; PO\u0141YSK \/ 147"},"content":{"rendered":"<p>sprzedam stylow\u0105 komod\u0119 wysoki po\u0142ysk w dobrym stanie , nie zniszczona , stan wizualny komody zgodny ze zdj\u0119ciami , wymiar : blat 43\/112 cm , wysoko\u015b\u0107 80 cm , g\u0142\u0119boko\u015b\u0107 boczna 32 cm<\/p>\n","protected":false},"excerpt":{"rendered":"<p>SPRZEDAM STYLOW\u0104 KOMOD\u0118\u00a0 &#8211; PO\u0141YSK<\/p>\n","protected":false},"featured_media":2226,"comment_status":"open","ping_status":"closed","template":"","meta":{"_kadence_starter_templates_imported_post":false,"_kad_post_transparent":"default","_kad_post_title":"","_kad_post_layout":"default","_kad_post_sidebar_id":"","_kad_post_content_style":"default","_kad_post_vertical_padding":"default","_kad_post_feature":"","_kad_post_feature_position":"","_kad_post_header":false,"_kad_post_footer":false,"_kad_post_classname":""},"product_brand":[],"product_cat":[22],"product_tag":[],"class_list":{"0":"post-2225","1":"product","2":"type-product","3":"status-publish","4":"has-post-thumbnail","6":"product_cat-meble","8":"first","9":"instock","10":"taxable","11":"shipping-taxable","12":"purchasable","13":"product-type-simple","14":"entry","15":"content-bg","16":"loop-entry"},"_links":{"self":[{"href":"https:\/\/klamotslawek.pl\/index.php?rest_route=\/wp\/v2\/product\/2225","targetHints":{"allow":["GET"]}}],"collection":[{"href":"https:\/\/klamotslawek.pl\/index.php?rest_route=\/wp\/v2\/product"}],"about":[{"href":"https:\/\/klamotslawek.pl\/index.php?rest_route=\/wp\/v2\/types\/product"}],"replies":[{"embeddable":true,"href":"https:\/\/klamotslawek.pl\/index.php?rest_route=%2Fwp%2Fv2%2Fcomments&post=2225"}],"wp:featuredmedia":[{"embeddable":true,"href":"https:\/\/klamotslawek.pl\/index.php?rest_route=\/wp\/v2\/media\/2226"}],"wp:attachment":[{"href":"https:\/\/klamotslawek.pl\/index.php?rest_route=%2Fwp%2Fv2%2Fmedia&parent=2225"}],"wp:term":[{"taxonomy":"product_brand","embeddable":true,"href":"https:\/\/klamotslawek.pl\/index.php?rest_route=%2Fwp%2Fv2%2Fproduct_brand&post=2225"},{"taxonomy":"product_cat","embeddable":true,"href":"https:\/\/klamotslawek.pl\/index.php?rest_route=%2Fwp%2Fv2%2Fproduct_cat&post=2225"},{"taxonomy":"product_tag","embeddable":true,"href":"https:\/\/klamotslawek.pl\/index.php?rest_route=%2Fwp%2Fv2%2Fproduct_tag&post=2225"}],"curies":[{"name":"wp","href":"https:\/\/api.w.org\/{rel}","templated":true}]}}